{"id":155,"date":"2023-09-14T22:51:07","date_gmt":"2023-09-15T01:51:07","guid":{"rendered":"https:\/\/pegala.tv.br\/?page_id=155"},"modified":"2025-07-16T18:48:24","modified_gmt":"2025-07-16T21:48:24","slug":"saiba-mais","status":"publish","type":"page","link":"https:\/\/pegala.tv.br\/index.php\/saiba-mais\/","title":{"rendered":"Saiba mais"},"content":{"rendered":"\n<div class=\"guten-element guten-spacer guten-s3H7nZ\"><\/div>\n\n\n\n<div class=\"guten-element guten-advanced-heading guten-2lCbea\"><div class=\"heading-section outside-line\"><h2 class=\"heading-title\">Transforme seu Local Esportivo com o Pega l\u00e1   <span class=\"heading-focus\">Potencialize o Sucesso e os Lucros!<\/span><\/h2><\/div><div class=\"heading-line between\"><\/div><span class=\"heading-subtitle\">Junte-se \u00e0 revolu\u00e7\u00e3o esportiva e transforme sua paix\u00e3o em momentos inesquec\u00edveis. Entre em contato conosco hoje mesmo e descubra como o Pega l\u00e1 pode fazer voc\u00ea vivenciar o esporte de uma maneira totalmente nova!<\/span><\/div>\n\n\n\n<div class=\"section-wrapper\" data-id=\"7tT01a\"><section class=\"wp-block-gutenverse-section guten-element guten-section guten-7tT01a layout-boxed align-stretch\"><div class=\"guten-background-overlay\"><\/div><div class=\"guten-shape-divider guten-shape-divider-top\"><\/div><div class=\"guten-shape-divider guten-shape-divider-bottom\"><\/div><div class=\"guten-container guten-column-gap-default\">\n<div class=\"wp-block-gutenverse-column guten-element guten-column guten-AbEBPu\"><div class=\"guten-background-overlay\"><\/div><div class=\"sticky-wrapper\" data-id=\"AbEBPu\"><div class=\"guten-column-wrapper\">\n<div class=\"wp-block-media-text is-stacked-on-mobile\"><figure class=\"wp-block-media-text__media\"><img fetchpriority=\"high\" decoding=\"async\" width=\"1024\" height=\"1024\" src=\"https:\/\/pegala.tv.br\/wp-content\/uploads\/2023\/09\/2b13bbc64a61db3de902cbc87006d83d-1024x1024.jpg\" alt=\"\" class=\"wp-image-116 size-full\" srcset=\"https:\/\/pegala.tv.br\/wp-content\/uploads\/2023\/09\/2b13bbc64a61db3de902cbc87006d83d-1024x1024.jpg 1024w, https:\/\/pegala.tv.br\/wp-content\/uploads\/2023\/09\/2b13bbc64a61db3de902cbc87006d83d-300x300.jpg 300w, https:\/\/pegala.tv.br\/wp-content\/uploads\/2023\/09\/2b13bbc64a61db3de902cbc87006d83d-150x150.jpg 150w, https:\/\/pegala.tv.br\/wp-content\/uploads\/2023\/09\/2b13bbc64a61db3de902cbc87006d83d-768x768.jpg 768w, https:\/\/pegala.tv.br\/wp-content\/uploads\/2023\/09\/2b13bbc64a61db3de902cbc87006d83d-200x200.jpg 200w, https:\/\/pegala.tv.br\/wp-content\/uploads\/2023\/09\/2b13bbc64a61db3de902cbc87006d83d.jpg 1433w\" sizes=\"(max-width: 1024px) 100vw, 1024px\" \/><\/figure><div class=\"wp-block-media-text__content\">\n<div class=\"guten-element gutenverse-text-editor guten-cKgeMh\"><div class=\"text-content-inner\">\n<figure class=\"wp-block-pullquote has-text-align-left\"><blockquote><p>O Pega l\u00e1 oferece uma gama de op\u00e7\u00f5es para atender \u00e0s necessidades individuais de estabelecimentos esportivos, enquanto os benef\u00edcios adicionais incluem suporte t\u00e9cnico, armazenamento em nuvem e um consider\u00e1vel potencial de lucro com patroc\u00ednios e parcerias comerciais. \u00c9 uma solu\u00e7\u00e3o completa que n\u00e3o apenas aprimora a experi\u00eancia esportiva, mas tamb\u00e9m pode impulsionar o sucesso financeiro de locais esportivos e eventos<\/p><\/blockquote><\/figure>\n<\/div><\/div>\n<\/div><\/div>\n<\/div><\/div><\/div>\n<\/div><\/section><\/div>\n\n\n\n<div class=\"section-wrapper\" data-id=\"5jjyQu\"><section class=\"wp-block-gutenverse-section guten-element guten-section guten-5jjyQu layout-boxed align-stretch\"><div class=\"guten-background-overlay\"><\/div><div class=\"guten-shape-divider guten-shape-divider-top\"><\/div><div class=\"guten-shape-divider guten-shape-divider-bottom\"><\/div><div class=\"guten-container guten-column-gap-default\">\n<div class=\"wp-block-gutenverse-column guten-element guten-column guten-FP2wAs\"><div class=\"guten-background-overlay\"><\/div><div class=\"sticky-wrapper\" data-id=\"FP2wAs\"><div class=\"guten-column-wrapper\">\n<div class=\"guten-element guten-spacer guten-ei2zt8\"><\/div>\n<\/div><\/div><\/div>\n<\/div><\/section><\/div>\n\n\n\n<h4 class=\"wp-block-gutenverse-heading guten-element guten-N90ygT\">Os detalhes dos planos oferecidos pelo sistema \u201cPega l\u00e1\u201d<br>s\u00e3o essenciais para entender como essa inova\u00e7\u00e3o pode ser<br>aproveitada ao m\u00e1ximo, tanto em termos de captura de<br>momentos esportivos memor\u00e1veis quanto de potencial de<br>lucro com patroc\u00ednios. Vamos analisar mais detalhadamente<br>esses planos e os benef\u00edcios associados a cada um deles<\/h4>\n\n\n\n<div class=\"wp-block-media-text has-media-on-the-right is-stacked-on-mobile\" style=\"grid-template-columns:auto 43%\"><div class=\"wp-block-media-text__content\">\n<p><\/p>\n\n\n\n<h3 class=\"wp-block-gutenverse-heading guten-element guten-gryFnn\"><strong>Oportunidade de Lucrar com Patroc\u00ednios<\/strong>: Os v\u00eddeos gravados pelo \u201cPega l\u00e1\u201d representam uma oportunidade de lucrar com patroc\u00ednios, pois os patrocinadores podem ter suas marcas exibidas nos v\u00eddeos. Isso cria uma fonte adicional de receita para o estabelecimento esportivo.<\/h3>\n<\/div><figure class=\"wp-block-media-text__media\"><img decoding=\"async\" width=\"1024\" height=\"622\" src=\"https:\/\/pegala.tv.br\/wp-content\/uploads\/2023\/09\/indique-um-conceito-de-amigo-com-ilustracoes_52683-24293-1024x622.png\" alt=\"\" class=\"wp-image-286 size-full\" srcset=\"https:\/\/pegala.tv.br\/wp-content\/uploads\/2023\/09\/indique-um-conceito-de-amigo-com-ilustracoes_52683-24293-1024x622.png 1024w, https:\/\/pegala.tv.br\/wp-content\/uploads\/2023\/09\/indique-um-conceito-de-amigo-com-ilustracoes_52683-24293-300x182.png 300w, https:\/\/pegala.tv.br\/wp-content\/uploads\/2023\/09\/indique-um-conceito-de-amigo-com-ilustracoes_52683-24293-768x467.png 768w, https:\/\/pegala.tv.br\/wp-content\/uploads\/2023\/09\/indique-um-conceito-de-amigo-com-ilustracoes_52683-24293-1536x933.png 1536w, https:\/\/pegala.tv.br\/wp-content\/uploads\/2023\/09\/indique-um-conceito-de-amigo-com-ilustracoes_52683-24293-200x122.png 200w, https:\/\/pegala.tv.br\/wp-content\/uploads\/2023\/09\/indique-um-conceito-de-amigo-com-ilustracoes_52683-24293.png 1985w\" sizes=\"(max-width: 1024px) 100vw, 1024px\" \/><\/figure><\/div>\n\n\n\n<div class=\"guten-element guten-spacer guten-fakC24\"><\/div>\n\n\n\n<div class=\"wp-block-gutenverse-image guten-element guten-image guten-qNKrat\"><a class=\"guten-image-wrapper\"><img decoding=\"async\" class=\"gutenverse-image-box-filled\" src=\"https:\/\/pegala.tv.br\/wp-content\/uploads\/2023\/09\/ganhar-dinheiro-na-internet.jpg\" height=\"400\" width=\"720\"\/><\/a><\/div>\n\n\n\n<h4 class=\"wp-block-gutenverse-heading guten-element guten-8XPgCb\"><strong>Portas Abertas para Parcerias Comerciais<\/strong>: A exposi\u00e7\u00e3o dos v\u00eddeos abre portas para parcerias comerciais e investimentos que podem contribuir significativamente para a receita do estabelecimento esportivo. Isso fortalece as rela\u00e7\u00f5es com a comunidade e outros parceiros de neg\u00f3cios.<\/h4>\n\n\n\n<div class=\"wp-block-media-text is-stacked-on-mobile\"><figure class=\"wp-block-media-text__media\"><img loading=\"lazy\" decoding=\"async\" width=\"515\" height=\"538\" src=\"https:\/\/pegala.tv.br\/wp-content\/uploads\/2023\/09\/futvolei-1.png\" alt=\"\" class=\"wp-image-120 size-full\" srcset=\"https:\/\/pegala.tv.br\/wp-content\/uploads\/2023\/09\/futvolei-1.png 515w, https:\/\/pegala.tv.br\/wp-content\/uploads\/2023\/09\/futvolei-1-287x300.png 287w, https:\/\/pegala.tv.br\/wp-content\/uploads\/2023\/09\/futvolei-1-200x209.png 200w\" sizes=\"(max-width: 515px) 100vw, 515px\" \/><\/figure><div class=\"wp-block-media-text__content\">\n<p><\/p>\n\n\n\n<h4 class=\"wp-block-gutenverse-heading guten-element guten-xXaJoQ\">Em resumo, os planos do sistema \u201cPega l\u00e1\u201d oferecem uma gama de op\u00e7\u00f5es para atender \u00e0s necessidades individuais de estabelecimentos esportivos, enquanto os benef\u00edcios adicionais incluem suporte t\u00e9cnico, armazenamento em nuvem e um consider\u00e1vel potencial de lucro com patroc\u00ednios e parcerias comerciais. \u00c9 uma solu\u00e7\u00e3o completa que n\u00e3o apenas aprimora a experi\u00eancia esportiva, mas tamb\u00e9m pode impulsionar o sucesso financeiro de locais esportivos e eventos.<\/h4>\n<\/div><\/div>\n","protected":false},"excerpt":{"rendered":"","protected":false},"author":1,"featured_media":0,"parent":0,"menu_order":0,"comment_status":"closed","ping_status":"closed","template":"","meta":{"footnotes":""},"class_list":["post-155","page","type-page","status-publish","hentry"],"yoast_head":"<!-- This site is optimized with the Yoast SEO plugin v25.5 - https:\/\/yoast.com\/wordpress\/plugins\/seo\/ -->\n<title>Saiba mais - Pega l\u00e1<\/title>\n<meta name=\"description\" content=\"Sistema de replay esportivo. As melhores c\u00e2meras para grava\u00e7\u00e3o em quadras esportiva. Grave seus lances e assista depois.\" \/>\n<meta name=\"robots\" content=\"index, follow, max-snippet:-1, max-image-preview:large, max-video-preview:-1\" \/>\n<link rel=\"canonical\" href=\"https:\/\/pegala.tv.br\/index.php\/saiba-mais\/\" \/>\n<meta property=\"og:locale\" content=\"pt_BR\" \/>\n<meta property=\"og:type\" content=\"article\" \/>\n<meta property=\"og:title\" content=\"Saiba mais - Pega l\u00e1\" \/>\n<meta property=\"og:description\" content=\"Sistema de replay esportivo. As melhores c\u00e2meras para grava\u00e7\u00e3o em quadras esportiva. Grave seus lances e assista depois.\" \/>\n<meta property=\"og:url\" content=\"https:\/\/pegala.tv.br\/index.php\/saiba-mais\/\" \/>\n<meta property=\"og:site_name\" content=\"Pega l\u00e1\" \/>\n<meta property=\"article:modified_time\" content=\"2025-07-16T21:48:24+00:00\" \/>\n<meta property=\"og:image\" content=\"https:\/\/pegala.tv.br\/wp-content\/uploads\/2023\/09\/2b13bbc64a61db3de902cbc87006d83d-1024x1024.jpg\" \/>\n<meta name=\"twitter:card\" content=\"summary_large_image\" \/>\n<meta name=\"twitter:label1\" content=\"Est. tempo de leitura\" \/>\n\t<meta name=\"twitter:data1\" content=\"3 minutos\" \/>\n<script type=\"application\/ld+json\" class=\"yoast-schema-graph\">{\"@context\":\"https:\/\/schema.org\",\"@graph\":[{\"@type\":\"WebPage\",\"@id\":\"https:\/\/pegala.tv.br\/index.php\/saiba-mais\/\",\"url\":\"https:\/\/pegala.tv.br\/index.php\/saiba-mais\/\",\"name\":\"Saiba mais - Pega l\u00e1\",\"isPartOf\":{\"@id\":\"https:\/\/pegala.tv.br\/#website\"},\"primaryImageOfPage\":{\"@id\":\"https:\/\/pegala.tv.br\/index.php\/saiba-mais\/#primaryimage\"},\"image\":{\"@id\":\"https:\/\/pegala.tv.br\/index.php\/saiba-mais\/#primaryimage\"},\"thumbnailUrl\":\"https:\/\/pegala.tv.br\/wp-content\/uploads\/2023\/09\/2b13bbc64a61db3de902cbc87006d83d-1024x1024.jpg\",\"datePublished\":\"2023-09-15T01:51:07+00:00\",\"dateModified\":\"2025-07-16T21:48:24+00:00\",\"description\":\"Sistema de replay esportivo. As melhores c\u00e2meras para grava\u00e7\u00e3o em quadras esportiva. Grave seus lances e assista depois.\",\"breadcrumb\":{\"@id\":\"https:\/\/pegala.tv.br\/index.php\/saiba-mais\/#breadcrumb\"},\"inLanguage\":\"pt-BR\",\"potentialAction\":[{\"@type\":\"ReadAction\",\"target\":[\"https:\/\/pegala.tv.br\/index.php\/saiba-mais\/\"]}]},{\"@type\":\"ImageObject\",\"inLanguage\":\"pt-BR\",\"@id\":\"https:\/\/pegala.tv.br\/index.php\/saiba-mais\/#primaryimage\",\"url\":\"https:\/\/pegala.tv.br\/wp-content\/uploads\/2023\/09\/2b13bbc64a61db3de902cbc87006d83d.jpg\",\"contentUrl\":\"https:\/\/pegala.tv.br\/wp-content\/uploads\/2023\/09\/2b13bbc64a61db3de902cbc87006d83d.jpg\",\"width\":1433,\"height\":1433},{\"@type\":\"BreadcrumbList\",\"@id\":\"https:\/\/pegala.tv.br\/index.php\/saiba-mais\/#breadcrumb\",\"itemListElement\":[{\"@type\":\"ListItem\",\"position\":1,\"name\":\"In\u00edcio\",\"item\":\"https:\/\/pegala.tv.br\/\"},{\"@type\":\"ListItem\",\"position\":2,\"name\":\"Saiba mais\"}]},{\"@type\":\"WebSite\",\"@id\":\"https:\/\/pegala.tv.br\/#website\",\"url\":\"https:\/\/pegala.tv.br\/\",\"name\":\"Pega l\u00e1\",\"description\":\"O Pega l\u00e1 \u00e9 um sistema de replay que revoluciona a experi\u00eancia esportiva, permitindo que voc\u00ea capture suas jogadas e momentos com extrema facilidade. Ap\u00f3s o lance, aperte o bot\u00e3o e o Pega l\u00e1 grava salva seu replay e publica para que voc\u00ea possa assistir e compartilhar mais tarde.\",\"publisher\":{\"@id\":\"https:\/\/pegala.tv.br\/#organization\"},\"potentialAction\":[{\"@type\":\"SearchAction\",\"target\":{\"@type\":\"EntryPoint\",\"urlTemplate\":\"https:\/\/pegala.tv.br\/?s={search_term_string}\"},\"query-input\":{\"@type\":\"PropertyValueSpecification\",\"valueRequired\":true,\"valueName\":\"search_term_string\"}}],\"inLanguage\":\"pt-BR\"},{\"@type\":\"Organization\",\"@id\":\"https:\/\/pegala.tv.br\/#organization\",\"name\":\"Pega l\u00e1\",\"url\":\"https:\/\/pegala.tv.br\/\",\"logo\":{\"@type\":\"ImageObject\",\"inLanguage\":\"pt-BR\",\"@id\":\"https:\/\/pegala.tv.br\/#\/schema\/logo\/image\/\",\"url\":\"https:\/\/pegala.tv.br\/wp-content\/uploads\/2023\/09\/Logotipo-com-branco.png\",\"contentUrl\":\"https:\/\/pegala.tv.br\/wp-content\/uploads\/2023\/09\/Logotipo-com-branco.png\",\"width\":5165,\"height\":1472,\"caption\":\"Pega l\u00e1\"},\"image\":{\"@id\":\"https:\/\/pegala.tv.br\/#\/schema\/logo\/image\/\"}}]}<\/script>\n<!-- \/ Yoast SEO plugin. -->","yoast_head_json":{"title":"Saiba mais - Pega l\u00e1","description":"Sistema de replay esportivo. As melhores c\u00e2meras para grava\u00e7\u00e3o em quadras esportiva. Grave seus lances e assista depois.","robots":{"index":"index","follow":"follow","max-snippet":"max-snippet:-1","max-image-preview":"max-image-preview:large","max-video-preview":"max-video-preview:-1"},"canonical":"https:\/\/pegala.tv.br\/index.php\/saiba-mais\/","og_locale":"pt_BR","og_type":"article","og_title":"Saiba mais - Pega l\u00e1","og_description":"Sistema de replay esportivo. As melhores c\u00e2meras para grava\u00e7\u00e3o em quadras esportiva. Grave seus lances e assista depois.","og_url":"https:\/\/pegala.tv.br\/index.php\/saiba-mais\/","og_site_name":"Pega l\u00e1","article_modified_time":"2025-07-16T21:48:24+00:00","og_image":[{"url":"https:\/\/pegala.tv.br\/wp-content\/uploads\/2023\/09\/2b13bbc64a61db3de902cbc87006d83d-1024x1024.jpg","type":"","width":"","height":""}],"twitter_card":"summary_large_image","twitter_misc":{"Est. tempo de leitura":"3 minutos"},"schema":{"@context":"https:\/\/schema.org","@graph":[{"@type":"WebPage","@id":"https:\/\/pegala.tv.br\/index.php\/saiba-mais\/","url":"https:\/\/pegala.tv.br\/index.php\/saiba-mais\/","name":"Saiba mais - Pega l\u00e1","isPartOf":{"@id":"https:\/\/pegala.tv.br\/#website"},"primaryImageOfPage":{"@id":"https:\/\/pegala.tv.br\/index.php\/saiba-mais\/#primaryimage"},"image":{"@id":"https:\/\/pegala.tv.br\/index.php\/saiba-mais\/#primaryimage"},"thumbnailUrl":"https:\/\/pegala.tv.br\/wp-content\/uploads\/2023\/09\/2b13bbc64a61db3de902cbc87006d83d-1024x1024.jpg","datePublished":"2023-09-15T01:51:07+00:00","dateModified":"2025-07-16T21:48:24+00:00","description":"Sistema de replay esportivo. As melhores c\u00e2meras para grava\u00e7\u00e3o em quadras esportiva. Grave seus lances e assista depois.","breadcrumb":{"@id":"https:\/\/pegala.tv.br\/index.php\/saiba-mais\/#breadcrumb"},"inLanguage":"pt-BR","potentialAction":[{"@type":"ReadAction","target":["https:\/\/pegala.tv.br\/index.php\/saiba-mais\/"]}]},{"@type":"ImageObject","inLanguage":"pt-BR","@id":"https:\/\/pegala.tv.br\/index.php\/saiba-mais\/#primaryimage","url":"https:\/\/pegala.tv.br\/wp-content\/uploads\/2023\/09\/2b13bbc64a61db3de902cbc87006d83d.jpg","contentUrl":"https:\/\/pegala.tv.br\/wp-content\/uploads\/2023\/09\/2b13bbc64a61db3de902cbc87006d83d.jpg","width":1433,"height":1433},{"@type":"BreadcrumbList","@id":"https:\/\/pegala.tv.br\/index.php\/saiba-mais\/#breadcrumb","itemListElement":[{"@type":"ListItem","position":1,"name":"In\u00edcio","item":"https:\/\/pegala.tv.br\/"},{"@type":"ListItem","position":2,"name":"Saiba mais"}]},{"@type":"WebSite","@id":"https:\/\/pegala.tv.br\/#website","url":"https:\/\/pegala.tv.br\/","name":"Pega l\u00e1","description":"O Pega l\u00e1 \u00e9 um sistema de replay que revoluciona a experi\u00eancia esportiva, permitindo que voc\u00ea capture suas jogadas e momentos com extrema facilidade. Ap\u00f3s o lance, aperte o bot\u00e3o e o Pega l\u00e1 grava salva seu replay e publica para que voc\u00ea possa assistir e compartilhar mais tarde.","publisher":{"@id":"https:\/\/pegala.tv.br\/#organization"},"potentialAction":[{"@type":"SearchAction","target":{"@type":"EntryPoint","urlTemplate":"https:\/\/pegala.tv.br\/?s={search_term_string}"},"query-input":{"@type":"PropertyValueSpecification","valueRequired":true,"valueName":"search_term_string"}}],"inLanguage":"pt-BR"},{"@type":"Organization","@id":"https:\/\/pegala.tv.br\/#organization","name":"Pega l\u00e1","url":"https:\/\/pegala.tv.br\/","logo":{"@type":"ImageObject","inLanguage":"pt-BR","@id":"https:\/\/pegala.tv.br\/#\/schema\/logo\/image\/","url":"https:\/\/pegala.tv.br\/wp-content\/uploads\/2023\/09\/Logotipo-com-branco.png","contentUrl":"https:\/\/pegala.tv.br\/wp-content\/uploads\/2023\/09\/Logotipo-com-branco.png","width":5165,"height":1472,"caption":"Pega l\u00e1"},"image":{"@id":"https:\/\/pegala.tv.br\/#\/schema\/logo\/image\/"}}]}},"_links":{"self":[{"href":"https:\/\/pegala.tv.br\/index.php\/wp-json\/wp\/v2\/pages\/155","targetHints":{"allow":["GET"]}}],"collection":[{"href":"https:\/\/pegala.tv.br\/index.php\/wp-json\/wp\/v2\/pages"}],"about":[{"href":"https:\/\/pegala.tv.br\/index.php\/wp-json\/wp\/v2\/types\/page"}],"author":[{"embeddable":true,"href":"https:\/\/pegala.tv.br\/index.php\/wp-json\/wp\/v2\/users\/1"}],"replies":[{"embeddable":true,"href":"https:\/\/pegala.tv.br\/index.php\/wp-json\/wp\/v2\/comments?post=155"}],"version-history":[{"count":13,"href":"https:\/\/pegala.tv.br\/index.php\/wp-json\/wp\/v2\/pages\/155\/revisions"}],"predecessor-version":[{"id":734,"href":"https:\/\/pegala.tv.br\/index.php\/wp-json\/wp\/v2\/pages\/155\/revisions\/734"}],"wp:attachment":[{"href":"https:\/\/pegala.tv.br\/index.php\/wp-json\/wp\/v2\/media?parent=155"}],"curies":[{"name":"wp","href":"https:\/\/api.w.org\/{rel}","templated":true}]}}